{"id":346,"date":"2022-06-08T09:59:31","date_gmt":"2022-06-08T07:59:31","guid":{"rendered":"https:\/\/www.isuo.eu\/2026\/workshops\/"},"modified":"2026-04-10T16:57:34","modified_gmt":"2026-04-10T14:57:34","slug":"tagungsort","status":"publish","type":"page","link":"https:\/\/www.isuo.eu\/2026\/tagungsort\/","title":{"rendered":"Tagungsort"},"content":{"rendered":"\t\t<div data-elementor-type=\"wp-page\" data-elementor-id=\"346\" class=\"elementor elementor-346\" data-elementor-post-type=\"page\">\n\t\t\t\t\t\t<section data-particle_enable=\"false\" data-particle-mobile-disabled=\"false\" class=\"elementor-section elementor-top-section elementor-element elementor-element-f4fe4eb elementor-section-full_width elementor-section-height-default elementor-section-height-default\" data-id=\"f4fe4eb\" data-element_type=\"section\" data-e-type=\"section\">\n\t\t\t\t\t\t<div class=\"elementor-container elementor-column-gap-default\">\n\t\t\t\t\t<div class=\"elementor-column elementor-col-100 elementor-top-column elementor-element elementor-element-65b0f59\" data-id=\"65b0f59\" data-element_type=\"column\" data-e-type=\"column\">\n\t\t\t<div class=\"elementor-widget-wrap elementor-element-populated\">\n\t\t\t\t\t\t<div class=\"elementor-element elementor-element-5b1149b elementor-widget elementor-widget-heading\" data-id=\"5b1149b\" data-element_type=\"widget\" data-e-type=\"widget\" data-widget_type=\"heading.default\">\n\t\t\t\t<div class=\"elementor-widget-container\">\n\t\t\t\t\t<h2 class=\"elementor-heading-title elementor-size-default\">Tagungsort<\/h2>\t\t\t\t<\/div>\n\t\t\t\t<\/div>\n\t\t\t\t\t<\/div>\n\t\t<\/div>\n\t\t\t\t\t<\/div>\n\t\t<\/section>\n\t\t\t\t<section data-particle_enable=\"false\" data-particle-mobile-disabled=\"false\" class=\"elementor-section elementor-top-section elementor-element elementor-element-a79f440 elementor-section-full_width elementor-section-height-default elementor-section-height-default\" data-id=\"a79f440\" data-element_type=\"section\" data-e-type=\"section\">\n\t\t\t\t\t\t<div class=\"elementor-container elementor-column-gap-default\">\n\t\t\t\t\t<div class=\"elementor-column elementor-col-50 elementor-top-column elementor-element elementor-element-dd350fc\" data-id=\"dd350fc\" data-element_type=\"column\" data-e-type=\"column\">\n\t\t\t<div class=\"elementor-widget-wrap elementor-element-populated\">\n\t\t\t\t\t\t<div class=\"elementor-element elementor-element-a862d2f elementor-widget elementor-widget-image\" data-id=\"a862d2f\" data-element_type=\"widget\" data-e-type=\"widget\" data-widget_type=\"image.default\">\n\t\t\t\t<div class=\"elementor-widget-container\">\n\t\t\t\t\t\t\t\t\t\t\t\t\t\t\t<img fetchpriority=\"high\" decoding=\"async\" width=\"400\" height=\"400\" src=\"https:\/\/www.isuo.eu\/2026\/wp-content\/uploads\/Dorint_Hotel_Logo.jpeg\" class=\"attachment-full size-full wp-image-2835\" alt=\"\" srcset=\"https:\/\/www.isuo.eu\/2026\/wp-content\/uploads\/Dorint_Hotel_Logo.jpeg 400w, https:\/\/www.isuo.eu\/2026\/wp-content\/uploads\/Dorint_Hotel_Logo-300x300.jpeg 300w, https:\/\/www.isuo.eu\/2026\/wp-content\/uploads\/Dorint_Hotel_Logo-150x150.jpeg 150w\" sizes=\"(max-width: 400px) 100vw, 400px\" loading=\"eager\" \/>\t\t\t\t\t\t\t\t\t\t\t\t\t\t\t<\/div>\n\t\t\t\t<\/div>\n\t\t\t\t<div class=\"elementor-element elementor-element-a7afdfd elementor-widget elementor-widget-text-editor\" data-id=\"a7afdfd\" data-element_type=\"widget\" data-e-type=\"widget\" data-widget_type=\"text-editor.default\">\n\t\t\t\t<div class=\"elementor-widget-container\">\n\t\t\t\t\t\t\t\t\t<p><strong>Dorint <\/strong><strong>Hotel K\u00f6ln<\/strong><br \/>Deutz-M\u00fclheimer Str. 22-24<br \/>50679 K\u00f6ln<\/p>\t\t\t\t\t\t\t\t<\/div>\n\t\t\t\t<\/div>\n\t\t\t\t\t<\/div>\n\t\t<\/div>\n\t\t\t\t<div class=\"elementor-column elementor-col-50 elementor-top-column elementor-element elementor-element-e6c689a\" data-id=\"e6c689a\" data-element_type=\"column\" data-e-type=\"column\">\n\t\t\t<div class=\"elementor-widget-wrap elementor-element-populated\">\n\t\t\t\t\t\t<section data-particle_enable=\"false\" data-particle-mobile-disabled=\"false\" class=\"elementor-section elementor-inner-section elementor-element elementor-element-697f182 elementor-section-height-min-height elementor-section-content-middle elementor-section-boxed elementor-section-height-default\" data-id=\"697f182\" data-element_type=\"section\" data-e-type=\"section\" data-settings=\"{&quot;background_background&quot;:&quot;slideshow&quot;,&quot;background_slideshow_gallery&quot;:[{&quot;id&quot;:2836,&quot;url&quot;:&quot;https:\\\/\\\/www.isuo.eu\\\/2026\\\/wp-content\\\/uploads\\\/Dorint1-1.jpg&quot;},{&quot;id&quot;:2837,&quot;url&quot;:&quot;https:\\\/\\\/www.isuo.eu\\\/2026\\\/wp-content\\\/uploads\\\/Dorint2.jpg&quot;},{&quot;id&quot;:2838,&quot;url&quot;:&quot;https:\\\/\\\/www.isuo.eu\\\/2026\\\/wp-content\\\/uploads\\\/Dorint3.jpg&quot;},{&quot;id&quot;:2839,&quot;url&quot;:&quot;https:\\\/\\\/www.isuo.eu\\\/2026\\\/wp-content\\\/uploads\\\/Dorint4.jpg&quot;}],&quot;background_slideshow_transition_duration&quot;:2500,&quot;background_slideshow_ken_burns&quot;:&quot;yes&quot;,&quot;background_slideshow_loop&quot;:&quot;yes&quot;,&quot;background_slideshow_slide_duration&quot;:5000,&quot;background_slideshow_slide_transition&quot;:&quot;fade&quot;,&quot;background_slideshow_ken_burns_zoom_direction&quot;:&quot;in&quot;}\">\n\t\t\t\t\t\t<div class=\"elementor-container elementor-column-gap-no\">\n\t\t\t\t\t<div class=\"elementor-column elementor-col-100 elementor-inner-column elementor-element elementor-element-aa87450\" data-id=\"aa87450\" data-element_type=\"column\" data-e-type=\"column\">\n\t\t\t<div class=\"elementor-widget-wrap\">\n\t\t\t\t\t\t\t<\/div>\n\t\t<\/div>\n\t\t\t\t\t<\/div>\n\t\t<\/section>\n\t\t\t\t\t<\/div>\n\t\t<\/div>\n\t\t\t\t\t<\/div>\n\t\t<\/section>\n\t\t\t\t<section data-particle_enable=\"false\" data-particle-mobile-disabled=\"false\" class=\"elementor-section elementor-top-section elementor-element elementor-element-b4f4e98 elementor-section-full_width elementor-section-height-default elementor-section-height-default\" data-id=\"b4f4e98\" data-element_type=\"section\" data-e-type=\"section\">\n\t\t\t\t\t\t<div class=\"elementor-container elementor-column-gap-default\">\n\t\t\t\t\t<div class=\"elementor-column elementor-col-100 elementor-top-column elementor-element elementor-element-2e37b74\" data-id=\"2e37b74\" data-element_type=\"column\" data-e-type=\"column\">\n\t\t\t<div class=\"elementor-widget-wrap elementor-element-populated\">\n\t\t\t\t\t\t<div class=\"elementor-element elementor-element-a1d1835 elementor-widget elementor-widget-google_maps\" data-id=\"a1d1835\" data-element_type=\"widget\" data-e-type=\"widget\" data-widget_type=\"google_maps.default\">\n\t\t\t\t<div class=\"elementor-widget-container\">\n\t\t\t\t\t\t\t<div class=\"elementor-custom-embed\">\n\t\t\t<iframe loading=\"lazy\"\n\t\t\t\t\tsrc=\"https:\/\/maps.google.com\/maps?q=Dorint%20Hotel%20An%20der%20Messe%20K%C3%B6ln%2C%20Deutz-M%C3%BClheimer%20Stra%C3%9Fe%2022%20%E2%80%93%2024%2C%2050679%20K%C3%B6ln&#038;t=m&#038;z=12&#038;output=embed&#038;iwloc=near\"\n\t\t\t\t\ttitle=\"Dorint Hotel An der Messe K\u00f6ln, Deutz-M\u00fclheimer Stra\u00dfe 22 \u2013 24, 50679 K\u00f6ln\"\n\t\t\t\t\taria-label=\"Dorint Hotel An der Messe K\u00f6ln, Deutz-M\u00fclheimer Stra\u00dfe 22 \u2013 24, 50679 K\u00f6ln\"\n\t\t\t><\/iframe>\n\t\t<\/div>\n\t\t\t\t\t\t<\/div>\n\t\t\t\t<\/div>\n\t\t\t\t\t<\/div>\n\t\t<\/div>\n\t\t\t\t\t<\/div>\n\t\t<\/section>\n\t\t\t\t<\/div>\n\t\t","protected":false},"excerpt":{"rendered":"<p>Tagungsort Dorint Hotel K\u00f6lnDeutz-M\u00fclheimer Str. 22-2450679 K\u00f6ln<\/p>\n","protected":false},"author":5,"featured_media":0,"parent":0,"menu_order":0,"comment_status":"closed","ping_status":"closed","template":"elementor_theme","meta":{"footnotes":""},"class_list":["post-346","page","type-page","status-publish","hentry"],"yoast_head":"<!-- This site is optimized with the Yoast SEO plugin v27.4 - https:\/\/yoast.com\/product\/yoast-seo-wordpress\/ -->\n<title>Tagungsort - 9. Internationales Symposium Uroonkologie<\/title>\n<meta name=\"robots\" content=\"index, follow, max-snippet:-1, max-image-preview:large, max-video-preview:-1\" \/>\n<link rel=\"canonical\" href=\"https:\/\/www.isuo.eu\/2026\/tagungsort\/\" \/>\n<meta property=\"og:locale\" content=\"de_DE\" \/>\n<meta property=\"og:type\" content=\"article\" \/>\n<meta property=\"og:title\" content=\"Tagungsort - 9. Internationales Symposium Uroonkologie\" \/>\n<meta property=\"og:description\" content=\"Tagungsort Dorint Hotel K\u00f6lnDeutz-M\u00fclheimer Str. 22-2450679 K\u00f6ln\" \/>\n<meta property=\"og:url\" content=\"https:\/\/www.isuo.eu\/2026\/tagungsort\/\" \/>\n<meta property=\"og:site_name\" content=\"9. Internationales Symposium Uroonkologie\" \/>\n<meta property=\"article:modified_time\" content=\"2026-04-10T14:57:34+00:00\" \/>\n<meta property=\"og:image\" content=\"https:\/\/www.isuo.eu\/2026\/wp-content\/uploads\/Dorint_Hotel_Logo.jpeg\" \/>\n\t<meta property=\"og:image:width\" content=\"400\" \/>\n\t<meta property=\"og:image:height\" content=\"400\" \/>\n\t<meta property=\"og:image:type\" content=\"image\/jpeg\" \/>\n<meta name=\"twitter:card\" content=\"summary_large_image\" \/>\n<meta name=\"twitter:label1\" content=\"Gesch\u00e4tzte Lesezeit\" \/>\n\t<meta name=\"twitter:data1\" content=\"1\u00a0Minute\" \/>\n<script type=\"application\/ld+json\" class=\"yoast-schema-graph\">{\"@context\":\"https:\\\/\\\/schema.org\",\"@graph\":[{\"@type\":\"WebPage\",\"@id\":\"https:\\\/\\\/www.isuo.eu\\\/2026\\\/tagungsort\\\/\",\"url\":\"https:\\\/\\\/www.isuo.eu\\\/2026\\\/tagungsort\\\/\",\"name\":\"Tagungsort - 9. Internationales Symposium Uroonkologie\",\"isPartOf\":{\"@id\":\"https:\\\/\\\/www.isuo.eu\\\/2026\\\/#website\"},\"primaryImageOfPage\":{\"@id\":\"https:\\\/\\\/www.isuo.eu\\\/2026\\\/tagungsort\\\/#primaryimage\"},\"image\":{\"@id\":\"https:\\\/\\\/www.isuo.eu\\\/2026\\\/tagungsort\\\/#primaryimage\"},\"thumbnailUrl\":\"https:\\\/\\\/www.isuo.eu\\\/2026\\\/wp-content\\\/uploads\\\/Dorint_Hotel_Logo.jpeg\",\"datePublished\":\"2022-06-08T07:59:31+00:00\",\"dateModified\":\"2026-04-10T14:57:34+00:00\",\"breadcrumb\":{\"@id\":\"https:\\\/\\\/www.isuo.eu\\\/2026\\\/tagungsort\\\/#breadcrumb\"},\"inLanguage\":\"de\",\"potentialAction\":[{\"@type\":\"ReadAction\",\"target\":[\"https:\\\/\\\/www.isuo.eu\\\/2026\\\/tagungsort\\\/\"]}]},{\"@type\":\"ImageObject\",\"inLanguage\":\"de\",\"@id\":\"https:\\\/\\\/www.isuo.eu\\\/2026\\\/tagungsort\\\/#primaryimage\",\"url\":\"https:\\\/\\\/www.isuo.eu\\\/2026\\\/wp-content\\\/uploads\\\/Dorint_Hotel_Logo.jpeg\",\"contentUrl\":\"https:\\\/\\\/www.isuo.eu\\\/2026\\\/wp-content\\\/uploads\\\/Dorint_Hotel_Logo.jpeg\",\"width\":400,\"height\":400},{\"@type\":\"BreadcrumbList\",\"@id\":\"https:\\\/\\\/www.isuo.eu\\\/2026\\\/tagungsort\\\/#breadcrumb\",\"itemListElement\":[{\"@type\":\"ListItem\",\"position\":1,\"name\":\"Startseite\",\"item\":\"https:\\\/\\\/www.isuo.eu\\\/2026\\\/\"},{\"@type\":\"ListItem\",\"position\":2,\"name\":\"Tagungsort\"}]},{\"@type\":\"WebSite\",\"@id\":\"https:\\\/\\\/www.isuo.eu\\\/2026\\\/#website\",\"url\":\"https:\\\/\\\/www.isuo.eu\\\/2026\\\/\",\"name\":\"9. Internationales Symposium Uroonkologie\",\"description\":\"27. und 28. November 2026, K\u00f6ln\",\"publisher\":{\"@id\":\"https:\\\/\\\/www.isuo.eu\\\/2026\\\/#organization\"},\"potentialAction\":[{\"@type\":\"SearchAction\",\"target\":{\"@type\":\"EntryPoint\",\"urlTemplate\":\"https:\\\/\\\/www.isuo.eu\\\/2026\\\/?s={search_term_string}\"},\"query-input\":{\"@type\":\"PropertyValueSpecification\",\"valueRequired\":true,\"valueName\":\"search_term_string\"}}],\"inLanguage\":\"de\"},{\"@type\":\"Organization\",\"@id\":\"https:\\\/\\\/www.isuo.eu\\\/2026\\\/#organization\",\"name\":\"9. Internationales Symposium Uroonkologie\",\"url\":\"https:\\\/\\\/www.isuo.eu\\\/2026\\\/\",\"logo\":{\"@type\":\"ImageObject\",\"inLanguage\":\"de\",\"@id\":\"https:\\\/\\\/www.isuo.eu\\\/2026\\\/#\\\/schema\\\/logo\\\/image\\\/\",\"url\":\"https:\\\/\\\/www.isuo.eu\\\/2026\\\/wp-content\\\/uploads\\\/logo_2025.png\",\"contentUrl\":\"https:\\\/\\\/www.isuo.eu\\\/2026\\\/wp-content\\\/uploads\\\/logo_2025.png\",\"width\":492,\"height\":500,\"caption\":\"9. Internationales Symposium Uroonkologie\"},\"image\":{\"@id\":\"https:\\\/\\\/www.isuo.eu\\\/2026\\\/#\\\/schema\\\/logo\\\/image\\\/\"}}]}<\/script>\n<!-- \/ Yoast SEO plugin. -->","yoast_head_json":{"title":"Tagungsort - 9. Internationales Symposium Uroonkologie","robots":{"index":"index","follow":"follow","max-snippet":"max-snippet:-1","max-image-preview":"max-image-preview:large","max-video-preview":"max-video-preview:-1"},"canonical":"https:\/\/www.isuo.eu\/2026\/tagungsort\/","og_locale":"de_DE","og_type":"article","og_title":"Tagungsort - 9. Internationales Symposium Uroonkologie","og_description":"Tagungsort Dorint Hotel K\u00f6lnDeutz-M\u00fclheimer Str. 22-2450679 K\u00f6ln","og_url":"https:\/\/www.isuo.eu\/2026\/tagungsort\/","og_site_name":"9. Internationales Symposium Uroonkologie","article_modified_time":"2026-04-10T14:57:34+00:00","og_image":[{"width":400,"height":400,"url":"https:\/\/www.isuo.eu\/2026\/wp-content\/uploads\/Dorint_Hotel_Logo.jpeg","type":"image\/jpeg"}],"twitter_card":"summary_large_image","twitter_misc":{"Gesch\u00e4tzte Lesezeit":"1\u00a0Minute"},"schema":{"@context":"https:\/\/schema.org","@graph":[{"@type":"WebPage","@id":"https:\/\/www.isuo.eu\/2026\/tagungsort\/","url":"https:\/\/www.isuo.eu\/2026\/tagungsort\/","name":"Tagungsort - 9. Internationales Symposium Uroonkologie","isPartOf":{"@id":"https:\/\/www.isuo.eu\/2026\/#website"},"primaryImageOfPage":{"@id":"https:\/\/www.isuo.eu\/2026\/tagungsort\/#primaryimage"},"image":{"@id":"https:\/\/www.isuo.eu\/2026\/tagungsort\/#primaryimage"},"thumbnailUrl":"https:\/\/www.isuo.eu\/2026\/wp-content\/uploads\/Dorint_Hotel_Logo.jpeg","datePublished":"2022-06-08T07:59:31+00:00","dateModified":"2026-04-10T14:57:34+00:00","breadcrumb":{"@id":"https:\/\/www.isuo.eu\/2026\/tagungsort\/#breadcrumb"},"inLanguage":"de","potentialAction":[{"@type":"ReadAction","target":["https:\/\/www.isuo.eu\/2026\/tagungsort\/"]}]},{"@type":"ImageObject","inLanguage":"de","@id":"https:\/\/www.isuo.eu\/2026\/tagungsort\/#primaryimage","url":"https:\/\/www.isuo.eu\/2026\/wp-content\/uploads\/Dorint_Hotel_Logo.jpeg","contentUrl":"https:\/\/www.isuo.eu\/2026\/wp-content\/uploads\/Dorint_Hotel_Logo.jpeg","width":400,"height":400},{"@type":"BreadcrumbList","@id":"https:\/\/www.isuo.eu\/2026\/tagungsort\/#breadcrumb","itemListElement":[{"@type":"ListItem","position":1,"name":"Startseite","item":"https:\/\/www.isuo.eu\/2026\/"},{"@type":"ListItem","position":2,"name":"Tagungsort"}]},{"@type":"WebSite","@id":"https:\/\/www.isuo.eu\/2026\/#website","url":"https:\/\/www.isuo.eu\/2026\/","name":"9. Internationales Symposium Uroonkologie","description":"27. und 28. November 2026, K\u00f6ln","publisher":{"@id":"https:\/\/www.isuo.eu\/2026\/#organization"},"potentialAction":[{"@type":"SearchAction","target":{"@type":"EntryPoint","urlTemplate":"https:\/\/www.isuo.eu\/2026\/?s={search_term_string}"},"query-input":{"@type":"PropertyValueSpecification","valueRequired":true,"valueName":"search_term_string"}}],"inLanguage":"de"},{"@type":"Organization","@id":"https:\/\/www.isuo.eu\/2026\/#organization","name":"9. Internationales Symposium Uroonkologie","url":"https:\/\/www.isuo.eu\/2026\/","logo":{"@type":"ImageObject","inLanguage":"de","@id":"https:\/\/www.isuo.eu\/2026\/#\/schema\/logo\/image\/","url":"https:\/\/www.isuo.eu\/2026\/wp-content\/uploads\/logo_2025.png","contentUrl":"https:\/\/www.isuo.eu\/2026\/wp-content\/uploads\/logo_2025.png","width":492,"height":500,"caption":"9. Internationales Symposium Uroonkologie"},"image":{"@id":"https:\/\/www.isuo.eu\/2026\/#\/schema\/logo\/image\/"}}]}},"_links":{"self":[{"href":"https:\/\/www.isuo.eu\/2026\/wp-json\/wp\/v2\/pages\/346","targetHints":{"allow":["GET"]}}],"collection":[{"href":"https:\/\/www.isuo.eu\/2026\/wp-json\/wp\/v2\/pages"}],"about":[{"href":"https:\/\/www.isuo.eu\/2026\/wp-json\/wp\/v2\/types\/page"}],"author":[{"embeddable":true,"href":"https:\/\/www.isuo.eu\/2026\/wp-json\/wp\/v2\/users\/5"}],"replies":[{"embeddable":true,"href":"https:\/\/www.isuo.eu\/2026\/wp-json\/wp\/v2\/comments?post=346"}],"version-history":[{"count":13,"href":"https:\/\/www.isuo.eu\/2026\/wp-json\/wp\/v2\/pages\/346\/revisions"}],"predecessor-version":[{"id":2851,"href":"https:\/\/www.isuo.eu\/2026\/wp-json\/wp\/v2\/pages\/346\/revisions\/2851"}],"wp:attachment":[{"href":"https:\/\/www.isuo.eu\/2026\/wp-json\/wp\/v2\/media?parent=346"}],"curies":[{"name":"wp","href":"https:\/\/api.w.org\/{rel}","templated":true}]}}